{"id":82,"date":"2025-03-28T10:16:36","date_gmt":"2025-03-28T10:16:36","guid":{"rendered":"https:\/\/www.acerina.fi\/?page_id=82"},"modified":"2025-04-25T09:23:10","modified_gmt":"2025-04-25T09:23:10","slug":"palvelut","status":"publish","type":"page","link":"https:\/\/www.acerina.fi\/index.php\/palvelut\/","title":{"rendered":"Palvelut"},"content":{"rendered":"<p><!-- Calendly badge widget begin -->\n<link href=\"https:\/\/assets.calendly.com\/assets\/external\/widget.css\" rel=\"stylesheet\">\n<script src=\"https:\/\/assets.calendly.com\/assets\/external\/widget.js\" type=\"text\/javascript\" async><\/script><br \/>\n<script type=\"text\/javascript\">window.onload = function() { Calendly.initBadgeWidget({ url: 'https:\/\/calendly.com\/juha-kiiski-acerina\/30min', text: 'Varaa minulta aika!', color: '#1a1a1a', textColor: '#ffffff' }); }<\/script><br \/>\n<!-- Calendly badge widget end --><\/p>\n\n\n\n<p><strong>Interim CIO \/ CTO -palvelut<\/strong><\/p>\n\n\n\n<ul class=\"wp-block-list\">\n<li>V\u00e4liaikainen tietohallintojohtaja (CIO) tai teknologiajohtaja (CTO) eli interim<\/li>\n\n\n\n<li>Soveltuu tilanteisiin, joissa yrityksell\u00e4 ei ole omaa IT-johtoa tai se on v\u00e4liaikaisesti poissa<\/li>\n\n\n\n<li>Johtaa IT-strategian ja teknologian kehityst\u00e4<\/li>\n<\/ul>\n\n\n\n<p><a href=\"https:\/\/www.acerina.fi\/index.php\/palvelut\/interim-cio-cto-valiaikainen-it-johtaja-kayttoonne\/\" data-type=\"page\" data-id=\"85\">Lue lis\u00e4\u00e4&#8230;<\/a><\/p>\n\n\n\n<p>&nbsp;<strong>IT-strategian kehitt\u00e4minen ja jalkautus<\/strong><\/p>\n\n\n\n<ul class=\"wp-block-list\">\n<li>IT-strategian \/ digistrategian luominen<\/li>\n\n\n\n<li>IT:n roolin m\u00e4\u00e4rittely liiketoimintastrategiassa<\/li>\n\n\n\n<li>Digitalisaatio- ja innovaatiohankkeiden johtaminen<\/li>\n\n\n\n<li>Pilvipalveluihin siirtyminen ja arkkitehtuuriratkaisut<\/li>\n<\/ul>\n\n\n\n<p><a href=\"https:\/\/www.acerina.fi\/index.php\/palvelut\/it-strategian-kehittaminen-ja-toimeenpano\/\" data-type=\"page\" data-id=\"89\">Lue lis\u00e4\u00e4&#8230;<\/a><\/p>\n\n\n\n<p>&nbsp;<strong>IT-kriisinhallinta ja muutosjohtaminen<\/strong><\/p>\n\n\n\n<ul class=\"wp-block-list\">\n<li>Akuutit IT-kriisit, kuten tietoturvaloukkaukset tai j\u00e4rjestelm\u00e4ongelmat<\/li>\n\n\n\n<li>IT-osaston uudelleenj\u00e4rjestelyt tai saneeraus<\/li>\n\n\n\n<li>Teknologiainvestointien uudelleenarviointi<\/li>\n<\/ul>\n\n\n\n<p><a href=\"https:\/\/www.acerina.fi\/index.php\/palvelut\/it-kriisinhallinta-ja-muutosjohtaminen\/\" data-type=\"page\" data-id=\"93\">Lue lis\u00e4\u00e4&#8230;<\/a><\/p>\n\n\n\n<p>&nbsp;<strong>IT-projektien ja hankkeiden johtaminen<\/strong><\/p>\n\n\n\n<ul class=\"wp-block-list\">\n<li>Suurten IT-projektien hallinta ja ep\u00e4onnistuneiden projektien pelastus<\/li>\n\n\n\n<li>J\u00e4rjestelmien k\u00e4ytt\u00f6\u00f6notto tai vaihto<\/li>\n\n\n\n<li>Integraatiot ja datan hallinta<\/li>\n<\/ul>\n\n\n\n<p><a href=\"https:\/\/www.acerina.fi\/index.php\/palvelut\/it-projektien-ja-hankkeiden-johtaminen\/\" data-type=\"page\" data-id=\"97\">Lue lis\u00e4\u00e4&#8230;<\/a><\/p>\n\n\n\n<p><strong>IT-ulkoistuksen ja palveluntuottajien hallinta<\/strong><\/p>\n\n\n\n<ul class=\"wp-block-list\">\n<li>Ulkoistuksen suunnittelu ja sopimushallinta<\/li>\n\n\n\n<li>IT-kustannusten optimointi<\/li>\n\n\n\n<li>Toimittajien kilpailutus ja johtaminen<\/li>\n<\/ul>\n\n\n\n<p><a href=\"https:\/\/www.acerina.fi\/index.php\/palvelut\/it-ulkoistuksen-ja-palveluntuottajien-hallinta\/\" data-type=\"page\" data-id=\"100\">Lue lis\u00e4\u00e4&#8230;<\/a><\/p>\n\n\n\n<p><strong>Kyberturvallisuuden ja tietosuojan johtaminen<\/strong><\/p>\n\n\n\n<ul class=\"wp-block-list\">\n<li>Tietoturvastrategian rakentaminen<\/li>\n\n\n\n<li>GDPR- ja tietosuojavaatimusten t\u00e4ytt\u00e4minen<\/li>\n\n\n\n<li>Kyberturvallisuusuhkien arviointi ja riskienhallinta<\/li>\n\n\n\n<li>Tietoturvapoliitikkojen ja \u2013ohjeistusten luominen ja niiden jalkauttaminen<\/li>\n\n\n\n<li>Tietoturvan hallintamalli<\/li>\n<\/ul>\n\n\n\n<p><a href=\"https:\/\/www.acerina.fi\/index.php\/palvelut\/kyberturvallisuuden-ja-tietosuojan-johtaminen\/\" data-type=\"page\" data-id=\"104\">Lue lis\u00e4\u00e4&#8230;<\/a><\/p>\n\n\n\n<p><strong>IT:n ja liiketoiminnan yhdist\u00e4minen<\/strong><\/p>\n\n\n\n<ul class=\"wp-block-list\">\n<li>Digitaalisten palveluiden kehitys<\/li>\n\n\n\n<li>Data-analytiikka ja raportoinnin parantaminen<\/li>\n\n\n\n<li>Prosessien automatisointi ja teko\u00e4lyn hy\u00f6dynt\u00e4minen<\/li>\n<\/ul>\n\n\n\n<p><a href=\"https:\/\/www.acerina.fi\/index.php\/palvelut\/itn-ja-liiketoiminnan-yhdistaminen\/\" data-type=\"page\" data-id=\"107\">Lue lis\u00e4\u00e4&#8230;<\/a><\/p>\n\n\n\n<p><strong>IT-palveluhallinnan kehitt\u00e4minen<\/strong><\/p>\n\n\n\n<ul class=\"wp-block-list\">\n<li>Nykytilan analyysi<\/li>\n\n\n\n<li>Palveluprosessien kehitys ja IT-palveluiden selkeytt\u00e4minen<\/li>\n\n\n\n<li>IT-tuen ja palvelupyynt\u00f6prosessin tehostaminen<\/li>\n\n\n\n<li>IT-palveluiden mittaaminen ja raportointi sek\u00e4 kustannusten optimointi<\/li>\n<\/ul>\n\n\n\n<p><a href=\"https:\/\/www.acerina.fi\/index.php\/palvelut\/it-palveluhallinnan-kehittaminen\/\" data-type=\"page\" data-id=\"110\">Lue lis\u00e4\u00e4&#8230;<\/a><\/p>\n\n\n\n<p><strong>Kriisijohtamisen kehitt\u00e4mispaketti<\/strong><\/p>\n\n\n\n<ul class=\"wp-block-list\">\n<li>Kriisien tunnistaminen<\/li>\n\n\n\n<li>Valmiit mallit kriisien johtamiseen<\/li>\n\n\n\n<li>Johtoryhm\u00e4n harjoitukset<\/li>\n<\/ul>\n\n\n\n<p><a href=\"https:\/\/www.acerina.fi\/index.php\/palvelut\/kriisijohtamisen-kehittamispaketti\/\" data-type=\"page\" data-id=\"112\">Lue lis\u00e4\u00e4&#8230;<\/a><\/p>\n\n\n\n<p><strong>LIS\u00c4PALVELUT<\/strong><\/p>\n\n\n\n<ul class=\"wp-block-list\">\n<li>Kokonaisarkkitehtuurin tuki<\/li>\n\n\n\n<li>Dokumentaation tasonnosto<\/li>\n\n\n\n<li>Projektitoiminta kuntoon<\/li>\n<\/ul>\n\n\n\n<p><a href=\"https:\/\/www.acerina.fi\/index.php\/palvelut\/lisaa-palveluita\/\" data-type=\"page\" data-id=\"115\">Lue lis\u00e4\u00e4&#8230;<\/a><\/p>\n","protected":false},"excerpt":{"rendered":"<p>Interim CIO \/ CTO -palvelut Lue lis\u00e4\u00e4&#8230; &nbsp;IT-strategian kehitt\u00e4minen ja jalkautus Lue lis\u00e4\u00e4&#8230; &nbsp;IT-kriisinhallinta ja muutosjohtaminen Lue lis\u00e4\u00e4&#8230; &nbsp;IT-projektien ja hankkeiden johtaminen Lue lis\u00e4\u00e4&#8230; IT-ulkoistuksen ja palveluntuottajien hallinta Lue lis\u00e4\u00e4&#8230; Kyberturvallisuuden ja tietosuojan johtaminen Lue lis\u00e4\u00e4&#8230; IT:n ja liiketoiminnan yhdist\u00e4minen Lue lis\u00e4\u00e4&#8230; IT-palveluhallinnan kehitt\u00e4minen Lue lis\u00e4\u00e4&#8230; Kriisijohtamisen kehitt\u00e4mispaketti Lue lis\u00e4\u00e4&#8230; LIS\u00c4PALVELUT Lue lis\u00e4\u00e4&#8230;<\/p>\n","protected":false},"author":1,"featured_media":0,"parent":0,"menu_order":0,"comment_status":"closed","ping_status":"closed","template":"","meta":{"inspiro_hide_title":false,"footnotes":""},"class_list":["post-82","page","type-page","status-publish","hentry"],"yoast_head":"<!-- This site is optimized with the Yoast SEO plugin v27.5 - https:\/\/yoast.com\/product\/yoast-seo-wordpress\/ -->\n<title>Palvelut - Acerina Oy<\/title>\n<meta name=\"description\" content=\"Interim cio palvelut eli v\u00e4liaikainen IT-johtaja laatimaan esim. digistrategiaa tai kyberturvaa tai vet\u00e4m\u00e4\u00e4n projektia tai hanketta\" \/>\n<meta name=\"robots\" content=\"index, follow, max-snippet:-1, max-image-preview:large, max-video-preview:-1\" \/>\n<link rel=\"canonical\" href=\"https:\/\/www.acerina.fi\/index.php\/palvelut\/\" \/>\n<meta property=\"og:locale\" content=\"fi_FI\" \/>\n<meta property=\"og:type\" content=\"article\" \/>\n<meta property=\"og:title\" content=\"Palvelut - Acerina Oy\" \/>\n<meta property=\"og:description\" content=\"Interim cio palvelut eli v\u00e4liaikainen IT-johtaja laatimaan esim. digistrategiaa tai kyberturvaa tai vet\u00e4m\u00e4\u00e4n projektia tai hanketta\" \/>\n<meta property=\"og:url\" content=\"https:\/\/www.acerina.fi\/index.php\/palvelut\/\" \/>\n<meta property=\"og:site_name\" content=\"Acerina Oy\" \/>\n<meta property=\"article:modified_time\" content=\"2025-04-25T09:23:10+00:00\" \/>\n<meta name=\"twitter:card\" content=\"summary_large_image\" \/>\n<meta name=\"twitter:label1\" content=\"Arvioitu lukuaika\" \/>\n\t<meta name=\"twitter:data1\" content=\"2 minuuttia\" \/>\n<script type=\"application\/ld+json\" class=\"yoast-schema-graph\">{\"@context\":\"https:\\\/\\\/schema.org\",\"@graph\":[{\"@type\":\"WebPage\",\"@id\":\"https:\\\/\\\/www.acerina.fi\\\/index.php\\\/palvelut\\\/\",\"url\":\"https:\\\/\\\/www.acerina.fi\\\/index.php\\\/palvelut\\\/\",\"name\":\"Palvelut - Acerina Oy\",\"isPartOf\":{\"@id\":\"https:\\\/\\\/www.acerina.fi\\\/#website\"},\"datePublished\":\"2025-03-28T10:16:36+00:00\",\"dateModified\":\"2025-04-25T09:23:10+00:00\",\"description\":\"Interim cio palvelut eli v\u00e4liaikainen IT-johtaja laatimaan esim. digistrategiaa tai kyberturvaa tai vet\u00e4m\u00e4\u00e4n projektia tai hanketta\",\"breadcrumb\":{\"@id\":\"https:\\\/\\\/www.acerina.fi\\\/index.php\\\/palvelut\\\/#breadcrumb\"},\"inLanguage\":\"fi\",\"potentialAction\":[{\"@type\":\"ReadAction\",\"target\":[\"https:\\\/\\\/www.acerina.fi\\\/index.php\\\/palvelut\\\/\"]}]},{\"@type\":\"BreadcrumbList\",\"@id\":\"https:\\\/\\\/www.acerina.fi\\\/index.php\\\/palvelut\\\/#breadcrumb\",\"itemListElement\":[{\"@type\":\"ListItem\",\"position\":1,\"name\":\"Etusivu\",\"item\":\"https:\\\/\\\/www.acerina.fi\\\/\"},{\"@type\":\"ListItem\",\"position\":2,\"name\":\"Palvelut\"}]},{\"@type\":\"WebSite\",\"@id\":\"https:\\\/\\\/www.acerina.fi\\\/#website\",\"url\":\"https:\\\/\\\/www.acerina.fi\\\/\",\"name\":\"Acerina Oy\",\"description\":\"IT-johtamisen palvelut k&auml;ytt&ouml;&ouml;si\",\"publisher\":{\"@id\":\"https:\\\/\\\/www.acerina.fi\\\/#organization\"},\"potentialAction\":[{\"@type\":\"SearchAction\",\"target\":{\"@type\":\"EntryPoint\",\"urlTemplate\":\"https:\\\/\\\/www.acerina.fi\\\/?s={search_term_string}\"},\"query-input\":{\"@type\":\"PropertyValueSpecification\",\"valueRequired\":true,\"valueName\":\"search_term_string\"}}],\"inLanguage\":\"fi\"},{\"@type\":\"Organization\",\"@id\":\"https:\\\/\\\/www.acerina.fi\\\/#organization\",\"name\":\"Acerina Oy\",\"url\":\"https:\\\/\\\/www.acerina.fi\\\/\",\"logo\":{\"@type\":\"ImageObject\",\"inLanguage\":\"fi\",\"@id\":\"https:\\\/\\\/www.acerina.fi\\\/#\\\/schema\\\/logo\\\/image\\\/\",\"url\":\"https:\\\/\\\/www.acerina.fi\\\/wp-content\\\/uploads\\\/2025\\\/03\\\/cropped-AcerinaNEW_logoPNG-valkoinen.png\",\"contentUrl\":\"https:\\\/\\\/www.acerina.fi\\\/wp-content\\\/uploads\\\/2025\\\/03\\\/cropped-AcerinaNEW_logoPNG-valkoinen.png\",\"width\":470,\"height\":470,\"caption\":\"Acerina Oy\"},\"image\":{\"@id\":\"https:\\\/\\\/www.acerina.fi\\\/#\\\/schema\\\/logo\\\/image\\\/\"},\"sameAs\":[\"https:\\\/\\\/www.linkedin.com\\\/company\\\/acerina-oy\\\/\"]}]}<\/script>\n<!-- \/ Yoast SEO plugin. -->","yoast_head_json":{"title":"Palvelut - Acerina Oy","description":"Interim cio palvelut eli v\u00e4liaikainen IT-johtaja laatimaan esim. digistrategiaa tai kyberturvaa tai vet\u00e4m\u00e4\u00e4n projektia tai hanketta","robots":{"index":"index","follow":"follow","max-snippet":"max-snippet:-1","max-image-preview":"max-image-preview:large","max-video-preview":"max-video-preview:-1"},"canonical":"https:\/\/www.acerina.fi\/index.php\/palvelut\/","og_locale":"fi_FI","og_type":"article","og_title":"Palvelut - Acerina Oy","og_description":"Interim cio palvelut eli v\u00e4liaikainen IT-johtaja laatimaan esim. digistrategiaa tai kyberturvaa tai vet\u00e4m\u00e4\u00e4n projektia tai hanketta","og_url":"https:\/\/www.acerina.fi\/index.php\/palvelut\/","og_site_name":"Acerina Oy","article_modified_time":"2025-04-25T09:23:10+00:00","twitter_card":"summary_large_image","twitter_misc":{"Arvioitu lukuaika":"2 minuuttia"},"schema":{"@context":"https:\/\/schema.org","@graph":[{"@type":"WebPage","@id":"https:\/\/www.acerina.fi\/index.php\/palvelut\/","url":"https:\/\/www.acerina.fi\/index.php\/palvelut\/","name":"Palvelut - Acerina Oy","isPartOf":{"@id":"https:\/\/www.acerina.fi\/#website"},"datePublished":"2025-03-28T10:16:36+00:00","dateModified":"2025-04-25T09:23:10+00:00","description":"Interim cio palvelut eli v\u00e4liaikainen IT-johtaja laatimaan esim. digistrategiaa tai kyberturvaa tai vet\u00e4m\u00e4\u00e4n projektia tai hanketta","breadcrumb":{"@id":"https:\/\/www.acerina.fi\/index.php\/palvelut\/#breadcrumb"},"inLanguage":"fi","potentialAction":[{"@type":"ReadAction","target":["https:\/\/www.acerina.fi\/index.php\/palvelut\/"]}]},{"@type":"BreadcrumbList","@id":"https:\/\/www.acerina.fi\/index.php\/palvelut\/#breadcrumb","itemListElement":[{"@type":"ListItem","position":1,"name":"Etusivu","item":"https:\/\/www.acerina.fi\/"},{"@type":"ListItem","position":2,"name":"Palvelut"}]},{"@type":"WebSite","@id":"https:\/\/www.acerina.fi\/#website","url":"https:\/\/www.acerina.fi\/","name":"Acerina Oy","description":"IT-johtamisen palvelut k&auml;ytt&ouml;&ouml;si","publisher":{"@id":"https:\/\/www.acerina.fi\/#organization"},"potentialAction":[{"@type":"SearchAction","target":{"@type":"EntryPoint","urlTemplate":"https:\/\/www.acerina.fi\/?s={search_term_string}"},"query-input":{"@type":"PropertyValueSpecification","valueRequired":true,"valueName":"search_term_string"}}],"inLanguage":"fi"},{"@type":"Organization","@id":"https:\/\/www.acerina.fi\/#organization","name":"Acerina Oy","url":"https:\/\/www.acerina.fi\/","logo":{"@type":"ImageObject","inLanguage":"fi","@id":"https:\/\/www.acerina.fi\/#\/schema\/logo\/image\/","url":"https:\/\/www.acerina.fi\/wp-content\/uploads\/2025\/03\/cropped-AcerinaNEW_logoPNG-valkoinen.png","contentUrl":"https:\/\/www.acerina.fi\/wp-content\/uploads\/2025\/03\/cropped-AcerinaNEW_logoPNG-valkoinen.png","width":470,"height":470,"caption":"Acerina Oy"},"image":{"@id":"https:\/\/www.acerina.fi\/#\/schema\/logo\/image\/"},"sameAs":["https:\/\/www.linkedin.com\/company\/acerina-oy\/"]}]}},"_links":{"self":[{"href":"https:\/\/www.acerina.fi\/index.php\/wp-json\/wp\/v2\/pages\/82","targetHints":{"allow":["GET"]}}],"collection":[{"href":"https:\/\/www.acerina.fi\/index.php\/wp-json\/wp\/v2\/pages"}],"about":[{"href":"https:\/\/www.acerina.fi\/index.php\/wp-json\/wp\/v2\/types\/page"}],"author":[{"embeddable":true,"href":"https:\/\/www.acerina.fi\/index.php\/wp-json\/wp\/v2\/users\/1"}],"replies":[{"embeddable":true,"href":"https:\/\/www.acerina.fi\/index.php\/wp-json\/wp\/v2\/comments?post=82"}],"version-history":[{"count":13,"href":"https:\/\/www.acerina.fi\/index.php\/wp-json\/wp\/v2\/pages\/82\/revisions"}],"predecessor-version":[{"id":208,"href":"https:\/\/www.acerina.fi\/index.php\/wp-json\/wp\/v2\/pages\/82\/revisions\/208"}],"wp:attachment":[{"href":"https:\/\/www.acerina.fi\/index.php\/wp-json\/wp\/v2\/media?parent=82"}],"curies":[{"name":"wp","href":"https:\/\/api.w.org\/{rel}","templated":true}]}}